74)/38 + 2).
19
Let m(j) be the third derivative of -j**5/60 + j**4/4 - j**3/6 - j**2. Let s(a) be the first derivative of m(a). What are the prime factors of s(-7)?
2, 5
Let f = -9 + 18. Suppose -l + 3 = -f. What are the prime factors of l?
2, 3
What are the prime factors of (80/6)/5*39?
2, 13
Let q = -1 + 5. Suppose 5*a - 4 = 3*a. Suppose a = -q*l + 30. List the prime factors of l.
7
Suppose -5*q = 75 + 305. Let y = 116 + q. What are the prime factors of y?
2, 5
Let w(g) be the first derivative of g**4/4 + g**3/3 + 3. Let u be w(1). List the prime factors of (-4)/(-8) + 13/u.
7
Let k(i) = i**3 + 17*i**2 - 6*i + 42. What are the prime factors of k(-17)?
2, 3
Let z be 3/9 - 4/(-6). Let w = -6 + 8. List the prime factors of 10 + (w - (0 + z)).
11
Suppose 0 = 5*d + 3*z - 196, d + 4*z - 19 = 10. What are the prime factors of d?
41
Suppose -3*o - 105 = 5*p, -3*p - 2*o + 0*o - 63 = 0. List the prime factors of 49/3 + 7/p.
2
Let k(w) = -w**2 + 11*w - 6. Let q be k(10). Suppose r - 4*x + 28 = 0, -q = -4*x + 3*x. Let l = 27 + r. What are the prime factors of l?
3, 5
Let m(t) = 2*t**2 - 9*t - 7. Let x be m(-7). Suppose -5*u - 39 = -x. What are the prime factors of u?
23
Suppose 9*h = 4*h + 325. What are the prime factors of h?
5, 13
Let d be 2*3*1/2. Suppose d*y + 0 - 15 = 0. List the prime factors of y.
5
Let y be 6/(-15) - 124/(-10). Let a be ((-9)/12)/((-1)/y). Suppose 5*k - 54 = -5*r - a, 41 = 5*k + 4*r. List the prime factors of k.
5
Suppose 0*k + 5*k - 10 = 0. Suppose -29 = -k*x + x. List the prime factors of x.
29
Let t = 17 - 10. Let v(w) be the first derivative of w**4/4 - 7*w**3/3 + 7*w + 3. What are the prime factors of v(t)?
7
Let r be 4 - 2 - 0 - 2. Let i = 20 - 17. Suppose 6*w - i*w - 72 = r. List the prime factors of w.
2, 3
Suppose i - 19 = d, 19 + 10 = 2*i - 5*d. What are the prime factors of i?
2, 11
Let f = 16 - -24. What are the prime factors of f?
2, 5
Suppose -6*f + 4*f = -58. List the prime factors of f.
29
Let p = 25 + 30. What are the prime factors of p?
5, 11
Suppose -3*m + 1 = -2*m. List the prime factors of m*22*(-10)/(-20).
11
What are the prime factors of (-6)/1*66/(-9)?
2, 11
List the prime factors of (-1)/3 + 4*(-87)/(-18).
19
Let o = 184 + -30. Suppose -5*f + 2*y = -2*y - o, 4*f + y - 140 = 0. List the prime factors of f.
2, 17
Let x = 0 + -5. Let f be (-21 - -18)/(-1 - 0). Let r = f - x. What are the prime factors of r?
2
Suppose u - 23 - 72 = l, 0 = u + 3*l - 111. Suppose -3*o = -u + 15. Suppose -5*i + i = -o. What are the prime factors of i?
7
Suppose -103 + 319 = 3*y. Suppose i - y = -i. Suppose -u - i = -4*u. What are the prime factors of u?
2, 3
Let p = 80 - 38. List the prime factors of p.
2, 3, 7
Let y be ((-8)/20)/((-1)/15). Let m = y - 15. List the prime factors of (-1)/(-3) + (-33)/m.
2
Suppose -5*b = -4*c - 205, 4*b + 2*c - 128 = -2*c. Suppose 0 = 4*g + 4*d - 4, 2 = 4*g - 3*d - b. What are the prime factors of g?
2, 3
Let b = -7 + 10. Let n be (-6)/(2/12*b). Let a = 2 - n. What are the prime factors of a?
2, 7
Let g = 57 - -1. List the prime factors of g.
2, 29
Let a = 21 - -4. List the prime factors of a.
5
Suppose u - 2*s = -u + 6, 0 = -u - s + 11. List the prime factors of u.
7
Let c(i) = 3*i**3 + 15*i**2 - 5*i + 8. Let s(o) = -5*o**3 - 23*o**2 + 8*o - 12. Let n(j) = 8*c(j) + 5*s(j). What are the prime factors of n(4)?
2, 5
List the prime factors of (-4)/18 + 4116/54.
2, 19
Let g(a) = 2*a**2 - 1 - 6 - 3*a**2 + 9*a. List the prime factors of g(7).
7
Let m(f) = -f**2 - 7*f - 5. Let w = 12 - 17. List the prime factors of m(w).
5
Let x = -10 + 13. Suppose 0*b - b + 35 = -j, -2*j + 120 = x*b. List the prime factors of b.
2, 19
Suppose 4*f - 148 = -3*r + 5*r, -3*r = 0. List the prime factors of f.
37
Let b(y) = 5*y + y**2 - 4*y - 3*y - 3. What are the prime factors of b(-3)?
2, 3
Let i(x) = 15*x**2 + 2*x + 1. List the prime factors of i(-1).
2, 7
Let y(a) = -a**3 + a**2 + a. Let k be y(0). Suppose 2*m + 2 = -k*m, 17 = h + 4*m. List the prime factors of h.
3, 7
Suppose -4*a + 19 = -21. Let q be 8/(-20) + 4/a. Suppose -2*k + 2 + 16 = q. What are the prime factors of k?
3
Suppose -2*z - 2*z + 16 = 2*q, 3*z - 2*q - 12 = 0. Suppose 2 - z = 2*s. What are the prime factors of 16/(-8) + (6 - s)?
5
Let t(v) = 2*v + 2 - 6*v - 3. Let z = -18 + 14. What are the prime factors of t(z)?
3, 5
Suppose r + r - 2 = 0. Suppose -3*l = r - 7. Suppose 3*y + l*y = 70. What are the prime factors of y?
2, 7
Let n = -8 + 17. Suppose -4*d = 3*b - 84, -d + b + 23 - n = 0. What are the prime factors of d?
2, 3
Let v = -2 - -5. Suppose -4*j - 6*o = -v*o - 225, -2*o = 3*j - 170. Suppose t + j = 6*t. What are the prime factors of t?
2, 3
Let k be (-1)/(-2)*2 + 3. Let t(v) = -2*v - 20. Let y be t(-14). Let z = y + k. What are the prime factors of z?
2, 3
Let m = -39 - -26. Let q = 53 + m. List the prime factors of q.
2, 5
Let v be 274/(-10) + (-8)/(-20). Let p = -15 - v. What are the prime factors of p?
2, 3
Suppose 2*v - 5 = 7*v, 3*v + 6 = 3*o. Let r = o - 1. Suppose r = -2*a - a + 30. List the prime factors of a.
2, 5
Let c = 106 - 73. What are the prime factors of c?
3, 11
Suppose s - 7 = 40. Suppose 5*h + s = f, -5 + 15 = 5*f. Let m = h - -13. What are the prime factors of m?
2
Let s(d) = d - 1. Let t be s(4). List the prime factors of 1 - -21 - t/1.
19
Let t(x) = -x - 2 + 7 - 3 - 2*x. List the prime factors of t(-4).
2, 7
Suppose 3*g = 120 - 0. Suppose g = 3*c - c. What are the prime factors of c?
2, 5
Let j(n) = n**2 - n + 2. Let u be j(3). Suppose -4*k + u = -40. What are the prime factors of k?
2, 3
Let j(h) = 2 + 10 - 2 + h. Let s be j(-8). Suppose 5*b - 5*x - 25 = 0, -s*b + 2*x + 30 = 5*x. List the prime factors of b.
3
Let l = -20 - -33. List the prime factors of l.
13
Let u be -2 + 0 + (1 - 10). Let m = -8 - u. Suppose -m*x = -3 - 18. List the prime factors of x.
7
Let m = -12 + 17. What are the prime factors of m?
5
Let r be (-45)/(-6)*16/(-5). List the prime factors of ((-205)/(-30))/((-4)/r).
41
Suppose -3*v = v - 8. Let m be ((-8)/5)/(v/(-5)). Suppose 2*h - m = 14. List the prime factors of h.
3
Let n = 6 + -6. Let t = n - -9. What are the prime factors of t?
3
Suppose 2*r = 3*n + 111, -55 - 4 = -r - 2*n. List the prime factors of r.
3, 19
Let t(l) = -l**2 - 3*l + 7. Let k be t(-5). Let o = k - 1. What are the prime factors of (-2 - 1)*(o - -3)?
3
Let b = -6 + 8. List the prime factors of 14/(b - (-1)/(-1)).
2, 7
Let h(l) = -2*l + 9. Suppose 0 = -2*i + i + 4. Suppose i*n = -1 - 27. What are the prime factors of h(n)?
23
Let w = 98 + 44. List the prime factors of w.
2, 71
Suppose v = -3*v + 32. List the prime factors of v.
2
Suppose -4*h + 12 = 4*f, 5*h - 5*f = 7 - 2. Suppose h = -5*m - 3. What are the prime factors of m/(20/(-6) - -3)?
3
Let s = 54 + -92. Let c be s/(-10) + (-2)/(-10). Suppose g = -3*g + 2*a + 24, c*a = g - 20. What are the prime factors of g?
2
Suppose 3*o = 3*i - 13 - 20, 35 = 4*i + 5*o. What are the prime factors of i?
2, 5
Suppose 0 = l - 9 + 26. Let u = -12 - l. List the prime factors of u.
5
Suppose 3*g = 4*i + 23, 2*i - 29 = -4*g + g. Let v be 2/g*-3*-6. Suppose 0*p - 84 = -v*p. List the prime factors of p.
3, 7
Let p be 2/(-4) - (-14)/4. Suppose 3*m + p*j = -24, -2*m + 3*j + 4 = j. List the prime factors of m/(3/(-13)) - 2.
11
Let c(k) = k - 4. Let n be c(6). Suppose -2*b + 8 = 0, 4*p = 3*p - 5*b + 14. What are the prime factors of (3/n)/((-1)/p)?
3
Let v = -122 - -153. List the prime factors of v.
31
What are the prime factors of ((-1)/(-4))/((-15)/(-2235))*4?
149
Suppose 5*f = 6 + 29. Let g(c) = c**2. Let i be g(-1). List the prime factors of 1*2*(f - i).
2, 3
Let n = 11 + -8. Suppose c - 148 = -n*c. What are the prime factors of c?
37
Suppose 0 = -2*z + 2*m + 488, -5*z + 741 = m - 503. List the prime factors of z.
2, 31
Let x be (-45)/(-2) + (-2)/4. Let n = x - 11. List the prime factors of n.
11
Suppose -5*c = -7 - 13, -c - 11 = -5*f. Suppose u = p - 11, 3*u + 21 = f*p - 2*p. List the prime factors of p/(-5)*100/(-15).
2
Let k = -56 - -136. List the prime factors of k.
2, 5
Let l = -25 - -54. Suppose -5*v + 38 = 2*c, c + 0*c = -5*v + l. Suppose -5*f = -1 - c. What are the prime factors of f?
2
Let x be (-1 + -7)*(-7 - 1). List the prime factors of x/30 + 22/(-165).
2
Suppose 70*s + 53 = 71*s. Wh